



{"id":7,"date":"2013-02-14T10:21:37","date_gmt":"2013-02-14T10:21:37","guid":{"rendered":"http:\/\/localhost\/wordpress\/medicenter\/?page_id=7"},"modified":"2018-06-23T12:23:04","modified_gmt":"2018-06-23T12:23:04","slug":"about","status":"publish","type":"page","link":"https:\/\/www.croosp.org.br\/index.php\/about\/","title":{"rendered":"Quem Somos"},"content":{"rendered":"<p>[vc_row top_margin=&#8221;page_margin_top&#8221; el_position=&#8221;first&#8221;][vc_column width=&#8221;1\/2&#8243;]<div class=\"gallery_box small_slider \"><ul class=\"image_carousel small_slider id-small_slider autoplay-1 pause_on_hover-1 scroll-1 effect-scroll easing-easeInOutQuint duration-750\"><li><img fetchpriority=\"high\" decoding=\"async\" width=\"480\" height=\"300\" src=\"https:\/\/www.croosp.org.br\/wp-content\/uploads\/2013\/02\/optometrist-91750_1920-480x300.jpg\" class=\"attachment-medicenter-gallery-image size-medicenter-gallery-image\" alt=\"\" \/><ul class=\"controls\">\r\n\t\t\t\t<li>\r\n\t\t\t\t\t<a href=\"http:\/\/www.croosp.org.br\/novosite\/wp-content\/uploads\/2013\/02\/optometrist-91750_1920.jpg\" class=\"fancybox open_lightbox\" rel=\"small_slidersmall_slider\" style=\"background-image: url('https:\/\/www.croosp.org.br\/wp-content\/themes\/medicenter\/images\/icons_media\/blue_light\/image.png')\"><\/a>\r\n\t\t\t\t<\/li>\r\n\t\t\t<\/ul>\r\n\t\t<\/li><\/ul><\/div>[\/vc_column][vc_column width=&#8221;1\/2&#8243;]<h2 class=\"box_header animation-slide\">Conhe\u00e7a o CROOSP<\/h2>[vc_column_text el_class=&#8221;no_margin&#8221;]O Conselho Regional de \u00d3ptica e Optometria do estado de S\u00e3o Paulo, designado como CROOSP vinculado ao Conselho Brasileiro de Optica e Optometria \u2013 CBOO, <strong>sendo uma pessoa jur\u00eddica de direito privado, sem finalidade lucrativa e n\u00e3o aut\u00e1rquica.<\/strong><\/p>\n<p>O CROOSP, atendendo a Constitui\u00e7\u00e3o Federal, n\u00e3o obriga ningu\u00e9m a fazer ou deixar de fazer a filia\u00e7\u00e3o sen\u00e3o em virtude de lei, al\u00e9m de respeitar a liberdade da associa\u00e7\u00e3o para fins l\u00edcitos, vedada a car\u00e1ter paramilitar. Assim ningu\u00e9m \u00e9 compelido a associar-se ou a permanecer associado sem sua pr\u00f3pria vontade.[\/vc_column_text]<h3 class=\"box_header margin_top_10 animation-slide\">Nossa Vis\u00e3o<\/h3><h3 class=\"sentence animated_element animation-slideLeft50\"> Nossa vis\u00e3o \u00e9 de promulgar a excel\u00eancia em \u00f3ptica e optometria elevando a qualidade dos profissionais em prol de uma melhor sa\u00fade visual da popula\u00e7\u00e3o.<\/h3>[\/vc_column][\/vc_row][vc_row top_margin=&#8221;page_margin_top&#8221;][vc_column][vc_separator el_position=&#8221;first last&#8221;][\/vc_column][\/vc_row][vc_row top_margin=&#8221;page_margin_top&#8221;][vc_column width=&#8221;1\/2&#8243;]<h3 class=\"box_header animation-slide\">Nossa Miss\u00e3o<\/h3><h3 class=\"sentence\">Promover por todos os meios a perfeita uni\u00e3o e a mais estreita solidariedade entre nossos associados<\/h3><h3 class=\"sentence\">Sustentar e defender perante os poderes p\u00fablicos ou onde quer que se fa\u00e7a necess\u00e1rio, os interesses, e, as aspira\u00e7\u00f5es de nossos associados<\/h3><h3 class=\"sentence\">Promover pesquisas e estudos t\u00e9cnicos, sobre as atividades dos profissionais associados<\/h3><h3 class=\"sentence\">Discutir e divulgar, sempre que necess\u00e1rio, a problem\u00e1tica sociocultural e financeira da categoria representada, buscando as satisfa\u00e7\u00f5es das aspira\u00e7\u00f5es daqueles que integram a categoria<\/h3><h3 class=\"sentence\">Manter a estrutura administrativa da presente entidade, instrumentos e mecanismos que assistam aos associados, na defesa de seus interessese time to enjoy it.<\/h3><h3 class=\"sentence\">Apoiar e estimular a forma\u00e7\u00e3o t\u00e9cnico-profissional dos filiados desta entidade, bem como a promo\u00e7\u00e3o de eventos culturais que valorizem os profissionais associados.<\/h3>[\/vc_column][vc_column width=&#8221;1\/2&#8243;]<h3 class=\"box_header animation-slide\">Nossos Valores<\/h3><h3 class=\"sentence\">Promover e zelar pelas boas pr\u00e1ticas aos profissionais da categoria<\/h3><h3 class=\"sentence\">Nossa comunica\u00e7\u00e3o e orienta\u00e7\u00e3o deve ser clara e precisa<\/h3><h3 class=\"sentence\">Atender a necessidade de nossos filiados<\/h3><h3 class=\"sentence\">Nossos trabalhos e a\u00e7\u00f5es devem refletir os mais altos padr\u00f5es de \u00e9ticas al\u00e9m de divulgar nosso C\u00f3digo de \u00c9tica de maneira objetiva.<\/h3><h3 class=\"sentence\"> Contribuir para o desenvolvimentos das pessoas e da estrutura s\u00f3cia.<\/h3><h3 class=\"sentence\">Oferecer palestras e a treinamentos cont\u00ednuos a fim de melhorar e desenvolver o lado profissional de nossos filiados<\/h3>[\/vc_column][\/vc_row][vc_row top_margin=&#8221;page_margin_top&#8221;][vc_column][vc_separator el_position=&#8221;first last&#8221;][\/vc_column][\/vc_row][vc_row el_position=&#8221;last&#8221;][vc_column]<div class=\"clearfix page_margin_top_section\">\r\n\t\t\t\t<div class=\"header_left\"><\/div>\r\n\t\t\t\t<div class=\"header_right\"><a href=\"#\" id=\"carousel_prev\" class=\"scrolling_list_control_left icon_small_arrow left_black\"><\/a><a href=\"#\" id=\"carousel_next\" class=\"scrolling_list_control_right icon_small_arrow right_black\"><\/a><\/div><\/div>\r\n\t\t\t\t<ul class=\"mc_gallery gallery_4_columns horizontal_carousel carousel id-carousel autoplay-0 pause_on_hover-1 scroll-1 effect-scroll easing-swing duration-500\"><li class=\"gallery_box \" id=\"gallery-item-daniela-iamamoto\"><img decoding=\"async\" width=\"225\" height=\"150\" src=\"https:\/\/www.croosp.org.br\/wp-content\/uploads\/2016\/12\/1324dc7c-fdbd-4f77-a6fa-35f0a5880c41-225x150.jpg\" class=\"mc_preload wp-post-image\" alt=\"Daniela Iamamoto\" title=\"\" \/>\r\n\t\t\t\t\t\t<div class=\"description\">\r\n\t\t\t\t\t\t\t<h3>Daniela Iamamoto<\/h3>\r\n\t\t\t\t\t\t\t<h5>Presidente<\/h5>\r\n\t\t\t\t\t\t<\/div><div class=\"item_details\"><p>presidente@croosp.org.br<\/p>\n<\/div><ul class=\"social_icons clearfix\"><li><a class=\"social_icon\" href=\"mailto:presidente@croosp.org.br\" title=\"\" style=\"background-image: url('https:\/\/www.croosp.org.br\/wp-content\/themes\/medicenter\/images\/social_body\/blue_light\/mail.png');\">&nbsp;<\/a><\/li><\/ul>\r\n\t\t\t\t\t\t<ul class=\"controls\">\r\n\t\t\t\t\t\t\t<li>\r\n\t\t\t\t\t\t\t\t<a href=\"https:\/\/www.croosp.org.br\/index.php\/ourdoctors\/#gallery-details-daniela-iamamoto\" class=\"open_details\" style=\"background-image: url('https:\/\/www.croosp.org.br\/wp-content\/themes\/medicenter\/images\/icons_media\/blue_light\/details.png')\"><\/a>\r\n\t\t\t\t\t\t\t<\/li><li><a href=\"https:\/\/www.croosp.org.br\/wp-content\/uploads\/2016\/12\/1324dc7c-fdbd-4f77-a6fa-35f0a5880c41-831x1024.jpg\" class=\"fancybox open_lightbox\" rel=\"mc_gallery\" style=\"background-image: url('https:\/\/www.croosp.org.br\/wp-content\/themes\/medicenter\/images\/icons_media\/blue_light\/image.png')\"><\/a>\r\n\t\t\t\t\t<\/li><\/ul><\/li><li class=\"gallery_box \" id=\"gallery-item-denis-ribeiro\"><img decoding=\"async\" width=\"225\" height=\"150\" src=\"https:\/\/www.croosp.org.br\/wp-content\/uploads\/2016\/12\/EDU.fw_-225x150.png\" class=\"mc_preload wp-post-image\" alt=\"Jos\u00e9 Eduardo de Moura\" title=\"\" \/>\r\n\t\t\t\t\t\t<div class=\"description\">\r\n\t\t\t\t\t\t\t<h3>Jos\u00e9 Eduardo de Moura<\/h3>\r\n\t\t\t\t\t\t\t<h5>Vice-presidente<\/h5>\r\n\t\t\t\t\t\t<\/div><div class=\"item_details\"><p>vice@croosp.org.br<\/p>\n<\/div><ul class=\"social_icons clearfix\"><li><a class=\"social_icon\" href=\"mailto:vice@croosp.org.br\" title=\"\" style=\"background-image: url('https:\/\/www.croosp.org.br\/wp-content\/themes\/medicenter\/images\/social_body\/blue_light\/mail.png');\">&nbsp;<\/a><\/li><\/ul>\r\n\t\t\t\t\t\t<ul class=\"controls\">\r\n\t\t\t\t\t\t\t<li>\r\n\t\t\t\t\t\t\t\t<a href=\"https:\/\/www.croosp.org.br\/index.php\/ourdoctors\/#gallery-details-denis-ribeiro\" class=\"open_details\" style=\"background-image: url('https:\/\/www.croosp.org.br\/wp-content\/themes\/medicenter\/images\/icons_media\/blue_light\/details.png')\"><\/a>\r\n\t\t\t\t\t\t\t<\/li><li><a href=\"https:\/\/www.croosp.org.br\/wp-content\/uploads\/2016\/12\/EDU.fw_.png\" class=\"fancybox open_lightbox\" rel=\"mc_gallery\" style=\"background-image: url('https:\/\/www.croosp.org.br\/wp-content\/themes\/medicenter\/images\/icons_media\/blue_light\/image.png')\"><\/a>\r\n\t\t\t\t\t<\/li><\/ul><\/li><li class=\"gallery_box \" id=\"gallery-item-valteclides-de-souza\"><img loading=\"lazy\" decoding=\"async\" width=\"225\" height=\"150\" src=\"https:\/\/www.croosp.org.br\/wp-content\/uploads\/2016\/12\/Adriano-1-225x150.jpg\" class=\"mc_preload wp-post-image\" alt=\"Adriano Bogni\" title=\"\" \/>\r\n\t\t\t\t\t\t<div class=\"description\">\r\n\t\t\t\t\t\t\t<h3>Adriano Bogni<\/h3>\r\n\t\t\t\t\t\t\t<h5>Diretor Financeiro<\/h5>\r\n\t\t\t\t\t\t<\/div><div class=\"item_details\"><p>financeiro@croosp.org.br<\/p>\n<\/div><ul class=\"social_icons clearfix\"><li><a class=\"social_icon\" href=\"mailto:financeiro@croosp.org.br\" title=\"\" style=\"background-image: url('https:\/\/www.croosp.org.br\/wp-content\/themes\/medicenter\/images\/social_body\/blue_light\/mail.png');\">&nbsp;<\/a><\/li><\/ul>\r\n\t\t\t\t\t\t<ul class=\"controls\">\r\n\t\t\t\t\t\t\t<li>\r\n\t\t\t\t\t\t\t\t<a href=\"https:\/\/www.croosp.org.br\/index.php\/ourdoctors\/#gallery-details-valteclides-de-souza\" class=\"open_details\" style=\"background-image: url('https:\/\/www.croosp.org.br\/wp-content\/themes\/medicenter\/images\/icons_media\/blue_light\/details.png')\"><\/a>\r\n\t\t\t\t\t\t\t<\/li><li><a href=\"https:\/\/www.croosp.org.br\/wp-content\/uploads\/2016\/12\/Adriano-1.jpg\" class=\"fancybox open_lightbox\" rel=\"mc_gallery\" style=\"background-image: url('https:\/\/www.croosp.org.br\/wp-content\/themes\/medicenter\/images\/icons_media\/blue_light\/image.png')\"><\/a>\r\n\t\t\t\t\t<\/li><\/ul><\/li><li class=\"gallery_box \" id=\"gallery-item-fernando-nassif-de-moura\"><img loading=\"lazy\" decoding=\"async\" width=\"175\" height=\"150\" src=\"https:\/\/www.croosp.org.br\/wp-content\/uploads\/2016\/12\/20046764_363082274106808_2639884109659945887_n-175x150.jpg\" class=\"mc_preload wp-post-image\" alt=\"Moises Luis Carvalho Pereira\" title=\"\" \/>\r\n\t\t\t\t\t\t<div class=\"description\">\r\n\t\t\t\t\t\t\t<h3>Moises Luis Carvalho Pereira<\/h3>\r\n\t\t\t\t\t\t\t<h5>Diretor de Ensino<\/h5>\r\n\t\t\t\t\t\t<\/div><div class=\"item_details\"><p>ensino@croosp.org.br<\/p>\n<\/div><ul class=\"social_icons clearfix\"><li><a class=\"social_icon\" href=\"mailto:ensino@croosp.org.br\" title=\"\" style=\"background-image: url('https:\/\/www.croosp.org.br\/wp-content\/themes\/medicenter\/images\/social_body\/blue_light\/mail.png');\">&nbsp;<\/a><\/li><\/ul>\r\n\t\t\t\t\t\t<ul class=\"controls\">\r\n\t\t\t\t\t\t\t<li>\r\n\t\t\t\t\t\t\t\t<a href=\"https:\/\/www.croosp.org.br\/index.php\/ourdoctors\/#gallery-details-fernando-nassif-de-moura\" class=\"open_details\" style=\"background-image: url('https:\/\/www.croosp.org.br\/wp-content\/themes\/medicenter\/images\/icons_media\/blue_light\/details.png')\"><\/a>\r\n\t\t\t\t\t\t\t<\/li><li><a href=\"https:\/\/www.croosp.org.br\/wp-content\/uploads\/2016\/12\/20046764_363082274106808_2639884109659945887_n.jpg\" class=\"fancybox open_lightbox\" rel=\"mc_gallery\" style=\"background-image: url('https:\/\/www.croosp.org.br\/wp-content\/themes\/medicenter\/images\/icons_media\/blue_light\/image.png')\"><\/a>\r\n\t\t\t\t\t<\/li><\/ul><\/li><li class=\"gallery_box \" id=\"gallery-item-michel_pazos\"><img loading=\"lazy\" decoding=\"async\" width=\"225\" height=\"150\" src=\"https:\/\/www.croosp.org.br\/wp-content\/uploads\/2016\/12\/IMG_7993-1-225x150.jpg\" class=\"mc_preload wp-post-image\" alt=\"Michel Pazos\" title=\"\" \/>\r\n\t\t\t\t\t\t<div class=\"description\">\r\n\t\t\t\t\t\t\t<h3>Michel Pazos<\/h3>\r\n\t\t\t\t\t\t\t<h5>Diretor de Coordena\u00e7\u00e3o<\/h5>\r\n\t\t\t\t\t\t<\/div><div class=\"item_details\"><p>coordenacao@croosp.org.br<\/p>\n<\/div><ul class=\"social_icons clearfix\"><li><a class=\"social_icon\" href=\"mailto:central@croosp.org.br\" target=\"_blank\" title=\"\" style=\"background-image: url('https:\/\/www.croosp.org.br\/wp-content\/themes\/medicenter\/images\/social_body\/blue_light\/mail.png');\">&nbsp;<\/a><\/li><\/ul>\r\n\t\t\t\t\t\t<ul class=\"controls\">\r\n\t\t\t\t\t\t\t<li>\r\n\t\t\t\t\t\t\t\t<a href=\"https:\/\/www.croosp.org.br\/index.php\/ourdoctors\/#gallery-details-michel_pazos\" class=\"open_details\" style=\"background-image: url('https:\/\/www.croosp.org.br\/wp-content\/themes\/medicenter\/images\/icons_media\/blue_light\/details.png')\"><\/a>\r\n\t\t\t\t\t\t\t<\/li><li><a href=\"https:\/\/www.croosp.org.br\/wp-content\/uploads\/2016\/12\/IMG_7993-1-754x1024.jpg\" class=\"fancybox open_lightbox\" rel=\"mc_gallery\" style=\"background-image: url('https:\/\/www.croosp.org.br\/wp-content\/themes\/medicenter\/images\/icons_media\/blue_light\/image.png')\"><\/a>\r\n\t\t\t\t\t<\/li><\/ul><\/li><li class=\"gallery_box \" id=\"gallery-item-camila-martinez-ramos\"><img loading=\"lazy\" decoding=\"async\" width=\"225\" height=\"150\" src=\"https:\/\/www.croosp.org.br\/wp-content\/uploads\/2025\/06\/5ccf00e6-da57-4a9d-bdc5-800c530bd887-225x150.jpg\" class=\"mc_preload wp-post-image\" alt=\"Camila Martinez Ramos\" title=\"\" \/>\r\n\t\t\t\t\t\t<div class=\"description\">\r\n\t\t\t\t\t\t\t<h3>Camila Martinez Ramos<\/h3>\r\n\t\t\t\t\t\t\t<h5>Diretora de Rela\u00e7\u00f5es Profissionais<\/h5>\r\n\t\t\t\t\t\t<\/div><div class=\"item_details\"><p>central@croosp.org.br<\/p>\n<\/div>\r\n\t\t\t\t\t\t<ul class=\"controls\">\r\n\t\t\t\t\t\t\t<li>\r\n\t\t\t\t\t\t\t\t<a href=\"https:\/\/www.croosp.org.br\/index.php\/ourdoctors\/#gallery-details-camila-martinez-ramos\" class=\"open_details\" style=\"background-image: url('https:\/\/www.croosp.org.br\/wp-content\/themes\/medicenter\/images\/icons_media\/blue_light\/details.png')\"><\/a>\r\n\t\t\t\t\t\t\t<\/li><li><a href=\"https:\/\/www.croosp.org.br\/wp-content\/uploads\/2025\/06\/5ccf00e6-da57-4a9d-bdc5-800c530bd887-820x1024.jpg\" class=\"fancybox open_lightbox\" rel=\"mc_gallery\" style=\"background-image: url('https:\/\/www.croosp.org.br\/wp-content\/themes\/medicenter\/images\/icons_media\/blue_light\/image.png')\"><\/a>\r\n\t\t\t\t\t<\/li><\/ul><\/li><li class=\"gallery_box \" id=\"gallery-item-dr-filipe-panace-menino\"><img loading=\"lazy\" decoding=\"async\" width=\"225\" height=\"150\" src=\"https:\/\/www.croosp.org.br\/wp-content\/uploads\/2025\/06\/cf4ef010-27d4-4a45-ac56-86b9ac29a1ad-225x150.jpg\" class=\"mc_preload wp-post-image\" alt=\"Dr. Filipe Panace Menino\" title=\"\" \/>\r\n\t\t\t\t\t\t<div class=\"description\">\r\n\t\t\t\t\t\t\t<h3>Dr. Filipe Panace Menino<\/h3>\r\n\t\t\t\t\t\t\t<h5>Diretor Jur\u00eddico<\/h5>\r\n\t\t\t\t\t\t<\/div><div class=\"item_details\"><p>central@croosp.org.br<\/p>\n<\/div>\r\n\t\t\t\t\t\t<ul class=\"controls\">\r\n\t\t\t\t\t\t\t<li>\r\n\t\t\t\t\t\t\t\t<a href=\"https:\/\/www.croosp.org.br\/index.php\/ourdoctors\/#gallery-details-dr-filipe-panace-menino\" class=\"open_details\" style=\"background-image: url('https:\/\/www.croosp.org.br\/wp-content\/themes\/medicenter\/images\/icons_media\/blue_light\/details.png')\"><\/a>\r\n\t\t\t\t\t\t\t<\/li><li><a href=\"https:\/\/www.croosp.org.br\/wp-content\/uploads\/2025\/06\/cf4ef010-27d4-4a45-ac56-86b9ac29a1ad-1024x768.jpg\" class=\"fancybox open_lightbox\" rel=\"mc_gallery\" style=\"background-image: url('https:\/\/www.croosp.org.br\/wp-content\/themes\/medicenter\/images\/icons_media\/blue_light\/image.png')\"><\/a>\r\n\t\t\t\t\t<\/li><\/ul><\/li><li class=\"gallery_box \" id=\"gallery-item-dra-sirlei-rodrigues\"><img loading=\"lazy\" decoding=\"async\" width=\"70\" height=\"100\" src=\"https:\/\/www.croosp.org.br\/wp-content\/uploads\/2025\/06\/sirlei.fw_.png\" class=\"mc_preload wp-post-image\" alt=\"Dra. Sirlei Rodrigues\" title=\"\" \/>\r\n\t\t\t\t\t\t<div class=\"description\">\r\n\t\t\t\t\t\t\t<h3>Dra. Sirlei Rodrigues<\/h3>\r\n\t\t\t\t\t\t\t<h5>Advogada<\/h5>\r\n\t\t\t\t\t\t<\/div><div class=\"item_details\"><p>central@croosp.org.br<\/p>\n<\/div>\r\n\t\t\t\t\t\t<ul class=\"controls\">\r\n\t\t\t\t\t\t\t<li>\r\n\t\t\t\t\t\t\t\t<a href=\"https:\/\/www.croosp.org.br\/index.php\/ourdoctors\/#gallery-details-dra-sirlei-rodrigues\" class=\"open_details\" style=\"background-image: url('https:\/\/www.croosp.org.br\/wp-content\/themes\/medicenter\/images\/icons_media\/blue_light\/details.png')\"><\/a>\r\n\t\t\t\t\t\t\t<\/li><li><a href=\"https:\/\/www.croosp.org.br\/wp-content\/uploads\/2025\/06\/sirlei.fw_.png\" class=\"fancybox open_lightbox\" rel=\"mc_gallery\" style=\"background-image: url('https:\/\/www.croosp.org.br\/wp-content\/themes\/medicenter\/images\/icons_media\/blue_light\/image.png')\"><\/a>\r\n\t\t\t\t\t<\/li><\/ul><\/li><\/ul>[\/vc_column][\/vc_row]<\/p>\n","protected":false},"excerpt":{"rendered":"<p>[vc_row top_margin=&#8221;page_margin_top&#8221; el_position=&#8221;first&#8221;][vc_column width=&#8221;1\/2&#8243;][\/vc_column][vc_column width=&#8221;1\/2&#8243;][vc_column_text el_class=&#8221;no_margin&#8221;]O Conselho Regional de \u00d3ptica e Optometria do estado de S\u00e3o Paulo, designado como CROOSP vinculado ao Conselho Brasileiro de Optica e Optometria \u2013 CBOO, sendo uma pessoa jur\u00eddica de direito privado, sem finalidade lucrativa e n\u00e3o aut\u00e1rquica. O CROOSP, atendendo a Constitui\u00e7\u00e3o Federal, n\u00e3o obriga ningu\u00e9m a fazer ou<\/p>\n","protected":false},"author":1,"featured_media":0,"parent":0,"menu_order":0,"comment_status":"open","ping_status":"open","template":"","meta":{"footnotes":""},"class_list":["post-7","page","type-page","status-publish","hentry"],"_links":{"self":[{"href":"https:\/\/www.croosp.org.br\/index.php\/wp-json\/wp\/v2\/pages\/7","targetHints":{"allow":["GET"]}}],"collection":[{"href":"https:\/\/www.croosp.org.br\/index.php\/wp-json\/wp\/v2\/pages"}],"about":[{"href":"https:\/\/www.croosp.org.br\/index.php\/wp-json\/wp\/v2\/types\/page"}],"author":[{"embeddable":true,"href":"https:\/\/www.croosp.org.br\/index.php\/wp-json\/wp\/v2\/users\/1"}],"replies":[{"embeddable":true,"href":"https:\/\/www.croosp.org.br\/index.php\/wp-json\/wp\/v2\/comments?post=7"}],"version-history":[{"count":12,"href":"https:\/\/www.croosp.org.br\/index.php\/wp-json\/wp\/v2\/pages\/7\/revisions"}],"predecessor-version":[{"id":4006,"href":"https:\/\/www.croosp.org.br\/index.php\/wp-json\/wp\/v2\/pages\/7\/revisions\/4006"}],"wp:attachment":[{"href":"https:\/\/www.croosp.org.br\/index.php\/wp-json\/wp\/v2\/media?parent=7"}],"curies":[{"name":"wp","href":"https:\/\/api.w.org\/{rel}","templated":true}]}}