


{"id":4944,"date":"2021-02-01T21:14:05","date_gmt":"2021-02-01T21:14:05","guid":{"rendered":"http:\/\/www.croosp.org.br\/?page_id=4944"},"modified":"2021-02-01T21:14:05","modified_gmt":"2021-02-01T21:14:05","slug":"2021-um-ano-repleto-de-desafios","status":"publish","type":"page","link":"https:\/\/www.croosp.org.br\/index.php\/2021-um-ano-repleto-de-desafios\/","title":{"rendered":"2021: um ano repleto de desafios"},"content":{"rendered":"<p>Iniciamos 2021 com muitas expectativas. Teremos um ano de novos alinhamentos e estrat\u00e9gias para alcan\u00e7ar objetivos que contemplem a categoria da forma mais positiva poss\u00edvel, para isso precisamos do coletivo focado no mesmo direcionamento.<\/p>\n<p>No ano passado, passamos por situa\u00e7\u00f5es muito peculiares, a contar com o avan\u00e7o da pandemia de Covid-19, que atingiu todos os setores da economia. Tivemos que nos adaptar e muitas vezes, nos reinventar.<\/p>\n<p>Neste per\u00edodo houve a interrup\u00e7\u00e3o dos cursos presenciais e workshops oferecidos pelo CROOSP e eventos como Outubro Amarelo, campanha de conscientiza\u00e7\u00e3o da import\u00e2ncia da Sa\u00fade Ocular. Em 2021 queremos retomar estas a\u00e7\u00f5es, sempre respeitando os protocolos de seguran\u00e7a e determina\u00e7\u00f5es do Governo de Estado e cogitamos sim, lan\u00e7ar novas propostas online afim de atender a demanda de nossos associados, tanto em rela\u00e7\u00e3o \u00e0 atualiza\u00e7\u00e3o de cursos como de orienta\u00e7\u00e3o profissional e empreendedorismo.<\/p>\n<p>A atua\u00e7\u00e3o pol\u00edtica continuar\u00e1 presente afim de obtermos apoio na luta pelo reconhecimento de nossa profiss\u00e3o, estaremos em constante contato e com firme press\u00e3o, para que nossos legisladores compreendam a import\u00e2ncia da \u00f3ptica e optometria na qualidade de vida da popula\u00e7\u00e3o brasileira.<\/p>\n<p>Mas, nada disso ser\u00e1 v\u00e1lido de n\u00e3o nos unirmos, somarmos nossas for\u00e7as, agregarmos companheiros para nossa luta, participarmos das reivindica\u00e7\u00f5es de nossa categoria de forma mais contundente e ativa. Agora, mais que nunca, precisamos de uni\u00e3o e da renova\u00e7\u00e3o de esperan\u00e7a por dias melhores, pois temos f\u00e9 que eles vir\u00e3o.<\/p>\n<p>Convido a todos os profissionais \u00f3pticos e optometristas do Estado de S\u00e3o Paulo a somar conosco nessa luta. Que cada um tenha a miss\u00e3o de agregar mais 3 companheiros, e assim aumentar nosso ex\u00e9rcito. Vamos juntos na luta por nossos direitos.<\/p>\n<p>&nbsp;<\/p>\n<p>&nbsp;<\/p>\n<p>Daniela Iamamoto<\/p>\n<p>Presidente do CROOSP<\/p>\n","protected":false},"excerpt":{"rendered":"<p>Iniciamos 2021 com muitas expectativas. Teremos um ano de novos alinhamentos e estrat\u00e9gias para alcan\u00e7ar objetivos que contemplem a categoria da forma mais positiva poss\u00edvel, para isso precisamos do coletivo focado no mesmo direcionamento. No ano passado, passamos por situa\u00e7\u00f5es muito peculiares, a contar com o avan\u00e7o da pandemia de Covid-19, que atingiu todos os<\/p>\n","protected":false},"author":132,"featured_media":4945,"parent":0,"menu_order":0,"comment_status":"closed","ping_status":"closed","template":"","meta":{"footnotes":""},"class_list":["post-4944","page","type-page","status-publish","has-post-thumbnail","hentry"],"_links":{"self":[{"href":"https:\/\/www.croosp.org.br\/index.php\/wp-json\/wp\/v2\/pages\/4944","targetHints":{"allow":["GET"]}}],"collection":[{"href":"https:\/\/www.croosp.org.br\/index.php\/wp-json\/wp\/v2\/pages"}],"about":[{"href":"https:\/\/www.croosp.org.br\/index.php\/wp-json\/wp\/v2\/types\/page"}],"author":[{"embeddable":true,"href":"https:\/\/www.croosp.org.br\/index.php\/wp-json\/wp\/v2\/users\/132"}],"replies":[{"embeddable":true,"href":"https:\/\/www.croosp.org.br\/index.php\/wp-json\/wp\/v2\/comments?post=4944"}],"version-history":[{"count":1,"href":"https:\/\/www.croosp.org.br\/index.php\/wp-json\/wp\/v2\/pages\/4944\/revisions"}],"predecessor-version":[{"id":4946,"href":"https:\/\/www.croosp.org.br\/index.php\/wp-json\/wp\/v2\/pages\/4944\/revisions\/4946"}],"wp:featuredmedia":[{"embeddable":true,"href":"https:\/\/www.croosp.org.br\/index.php\/wp-json\/wp\/v2\/media\/4945"}],"wp:attachment":[{"href":"https:\/\/www.croosp.org.br\/index.php\/wp-json\/wp\/v2\/media?parent=4944"}],"curies":[{"name":"wp","href":"https:\/\/api.w.org\/{rel}","templated":true}]}}