



{"id":2782,"date":"2016-12-19T13:43:48","date_gmt":"2016-12-19T13:43:48","guid":{"rendered":"http:\/\/www.croosp.org.br\/novosite\/?page_id=2782"},"modified":"2026-03-06T20:37:13","modified_gmt":"2026-03-06T20:37:13","slug":"formas-de-pagamento","status":"publish","type":"page","link":"https:\/\/www.croosp.org.br\/index.php\/formas-de-pagamento\/","title":{"rendered":"Formas de Pagamento"},"content":{"rendered":"<div class=\"conteudo\">\n<div id=\"content\">\n<div class=\"codigo\">\n<div class=\"pagamento\">\n<h1 class=\"titulo-secao\"><img fetchpriority=\"high\" decoding=\"async\" class=\"size-full wp-image-3046 alignright\" src=\"http:\/\/www.croosp.org.br\/wp-content\/uploads\/2016\/12\/anuidade-carteirinha.png\" alt=\"\" width=\"441\" height=\"532\" srcset=\"https:\/\/www.croosp.org.br\/wp-content\/uploads\/2016\/12\/anuidade-carteirinha.png 441w, https:\/\/www.croosp.org.br\/wp-content\/uploads\/2016\/12\/anuidade-carteirinha-249x300.png 249w\" sizes=\"(max-width: 441px) 100vw, 441px\" \/><\/h1>\n<h1 class=\"titulo-secao\">FORMAS DE PAGAMENTO<\/h1>\n<p>A op\u00e7\u00e3o de pagamento deve ser especificada no envio da documenta\u00e7\u00e3o.<\/p>\n<\/div>\n<div class=\"text-codigo\">\n<p><strong>PIX<\/strong> &#8211; Valor somente \u00e0 vista, solicitar a chave. Assim que o valor for identificado, em 3 dias \u00fateis enviamos a declara\u00e7\u00e3o de renova\u00e7\u00e3o\/filia\u00e7\u00e3o + n\u00famero de registro, a CIA e entregue em at\u00e9 45 dias \u00fateis, contatando a partir da data de solicita\u00e7\u00e3o da remessa todo dia 05 e 20 de cada m\u00eas.<\/p>\n<p>Parcelamos em <strong>12x sem juros no cart\u00e3o de cr\u00e9dito<\/strong>&#8211; Enviamos o Link por e-mail ou WhatsApp para voc\u00ea fazer o pagamento &#8211; Assim que o valor for identificado, em at\u00e9 3 dias \u00fateis enviamos a declara\u00e7\u00e3o de renova\u00e7\u00e3o\/filia\u00e7\u00e3o+ n\u00famero de registro, a CIA e entregue em at\u00e9 45 dias \u00fateis, contatando a partir da data de solicita\u00e7\u00e3o da remessa todo dia 05 e 20 de cada m\u00eas.<\/p>\n<p><strong>Boleto \u00e0 vista ou em 3x sem juros<\/strong> &#8211; Enviamos os boletos por e-mail, assim que a \u00faltima parcela for paga, em 3 dias \u00fateis enviamos uma declara\u00e7\u00e3o de renova\u00e7\u00e3o\/filia\u00e7\u00e3o + n\u00famero de registro, a CIA e entregue em at\u00e9 45 dias \u00fateis, contando a partir dos dados de solicita\u00e7\u00e3o da remessa todo dia 05 e 20 de cada m\u00eas. (CIA e solicitada somente com a quita\u00e7\u00e3o total do valor).<\/p>\n<p>&nbsp;<\/p>\n<p>&nbsp;<\/p>\n<p>Importante: N\u00e3o \u00e9 aceita filia\u00e7\u00e3o com pagamento atrav\u00e9s de dep\u00f3sito banc\u00e1rio.<\/p>\n<\/div>\n<p>Caso preciso cancelar sua anuidade, o filiado deve entrar em contato, os valores em aberto devem ser acertados e o envio do termo de cancelamento, lembrando que a partir do momento que \u00e9 feito o cancelamento do n\u00famero de registro n\u00e3o pode ser utilizado, e caso o retorno do filiado ser\u00e1 gerado um novo n\u00famero de registro.<\/p>\n<\/div>\n<\/div>\n<\/div>\n<div class=\"mapadosite\"><\/div>\n","protected":false},"excerpt":{"rendered":"<p>FORMAS DE PAGAMENTO A op\u00e7\u00e3o de pagamento deve ser especificada no envio da documenta\u00e7\u00e3o. PIX &#8211; Valor somente \u00e0 vista, solicitar a chave. Assim que o valor for identificado, em 3 dias \u00fateis enviamos a declara\u00e7\u00e3o de renova\u00e7\u00e3o\/filia\u00e7\u00e3o + n\u00famero de registro, a CIA e entregue em at\u00e9 45 dias \u00fateis, contatando a partir da<\/p>\n","protected":false},"author":1,"featured_media":0,"parent":0,"menu_order":0,"comment_status":"closed","ping_status":"closed","template":"","meta":{"footnotes":""},"class_list":["post-2782","page","type-page","status-publish","hentry"],"_links":{"self":[{"href":"https:\/\/www.croosp.org.br\/index.php\/wp-json\/wp\/v2\/pages\/2782","targetHints":{"allow":["GET"]}}],"collection":[{"href":"https:\/\/www.croosp.org.br\/index.php\/wp-json\/wp\/v2\/pages"}],"about":[{"href":"https:\/\/www.croosp.org.br\/index.php\/wp-json\/wp\/v2\/types\/page"}],"author":[{"embeddable":true,"href":"https:\/\/www.croosp.org.br\/index.php\/wp-json\/wp\/v2\/users\/1"}],"replies":[{"embeddable":true,"href":"https:\/\/www.croosp.org.br\/index.php\/wp-json\/wp\/v2\/comments?post=2782"}],"version-history":[{"count":16,"href":"https:\/\/www.croosp.org.br\/index.php\/wp-json\/wp\/v2\/pages\/2782\/revisions"}],"predecessor-version":[{"id":5916,"href":"https:\/\/www.croosp.org.br\/index.php\/wp-json\/wp\/v2\/pages\/2782\/revisions\/5916"}],"wp:attachment":[{"href":"https:\/\/www.croosp.org.br\/index.php\/wp-json\/wp\/v2\/media?parent=2782"}],"curies":[{"name":"wp","href":"https:\/\/api.w.org\/{rel}","templated":true}]}}